{"id":12,"date":"2023-03-31T23:24:53","date_gmt":"2023-04-01T02:24:53","guid":{"rendered":"https:\/\/www.rodrigoarruda.com.br\/?page_id=12"},"modified":"2024-10-10T18:58:00","modified_gmt":"2024-10-10T21:58:00","slug":"portfolio-rodrigo-arruda-de-freitas-designer-digital-ilustrador","status":"publish","type":"page","link":"https:\/\/www.rodrigoarruda.com.br\/","title":{"rendered":"Portf\u00f3lio Rodrigo Arruda de Freitas &#8211; Designer Digital &#038; Ilustrador"},"content":{"rendered":"\n<div class=\"wp-block-uagb-container uagb-block-2f9e088d alignfull uagb-is-root-container\">\n<div class=\"wp-block-uagb-info-box uagb-block-5a715066 uagb-infobox__content-wrap  uagb-infobox-icon-above-title uagb-infobox-image-valign-top\"><div class=\"uagb-ifb-content\"><div class=\"uagb-ifb-icon-wrap\"><div class=\"uagb-iconbox-icon-wrap uagb-infobox-shape-circle\"><svg xmlns=\"https:\/\/www.w3.org\/2000\/svg\" viewBox=\"0 0 512 512\"><path d=\"M0 256C0 114.6 114.6 0 256 0C397.4 0 512 114.6 512 256C512 397.4 397.4 512 256 512C114.6 512 0 397.4 0 256zM371.8 211.8C382.7 200.9 382.7 183.1 371.8 172.2C360.9 161.3 343.1 161.3 332.2 172.2L224 280.4L179.8 236.2C168.9 225.3 151.1 225.3 140.2 236.2C129.3 247.1 129.3 264.9 140.2 275.8L204.2 339.8C215.1 350.7 232.9 350.7 243.8 339.8L371.8 211.8z\"><\/path><\/svg><\/div><\/div><div class=\"uagb-ifb-title-wrap\"><h3 class=\"uagb-ifb-title\">Designer &amp; Desenvolvedor Front End<\/h3><\/div><p class=\"uagb-ifb-desc\"><br>Ol\u00e1, seja bem vindo ao meu portf\u00f3lio, \u00e9 um prazer receber voc\u00ea aqui. <br><br>Separei  aquilo que fiz de melhor em mais de 15 anos atuando nesse maravilhoso mundo do Design e Ilusta\u00e7\u00f5es. <br><br>Espero que goste! \ud83d\ude42<\/p><\/div><\/div>\n<\/div>\n\n\n\n<div class=\"wp-block-uagb-container uagb-block-4b242b00 alignfull uagb-is-root-container\"><div class=\"uagb-container-inner-blocks-wrap\">\n<div class=\"wp-block-uagb-info-box uagb-block-5c342f0e uagb-infobox__content-wrap  uagb-infobox-icon-above-title uagb-infobox-image-valign-top\"><div class=\"uagb-ifb-content\"><div class=\"uagb-ifb-title-wrap\"><h3 class=\"uagb-ifb-title\">Projetos<\/h3><\/div><p class=\"uagb-ifb-desc\">Um pouco dos meus trabalhos<\/p><\/div><\/div>\n<\/div><\/div>\n\n\n\n<div class=\"wp-block-uagb-container uagb-block-b364c536 alignfull uagb-is-root-container\">\n<div class=\"wp-block-uagb-container uagb-block-b5ed414d\">\n<div class=\"wp-block-columns is-layout-flex wp-container-core-columns-is-layout-2 wp-block-columns-is-layout-flex\">\n<div class=\"wp-block-column is-layout-flow wp-block-column-is-layout-flow\">\n<div class=\"wp-block-columns is-layout-flex wp-container-core-columns-is-layout-1 wp-block-columns-is-layout-flex\">\n<div class=\"wp-block-column is-layout-flow wp-block-column-is-layout-flow\">\n<figure class=\"wp-block-image size-large\"><a href=\"\/?page_id=248\"><img decoding=\"async\" width=\"1024\" height=\"480\" src=\"https:\/\/www.rodrigoarruda.com.br\/wp-content\/uploads\/2023\/04\/nerd-frog-1024x480.jpg\" alt=\"\" class=\"wp-image-110\" srcset=\"https:\/\/www.rodrigoarruda.com.br\/wp-content\/uploads\/2023\/04\/nerd-frog-1024x480.jpg 1024w, https:\/\/www.rodrigoarruda.com.br\/wp-content\/uploads\/2023\/04\/nerd-frog-300x141.jpg 300w, https:\/\/www.rodrigoarruda.com.br\/wp-content\/uploads\/2023\/04\/nerd-frog-768x360.jpg 768w, https:\/\/www.rodrigoarruda.com.br\/wp-content\/uploads\/2023\/04\/nerd-frog.jpg 1280w\" sizes=\"(max-width: 1024px) 100vw, 1024px\" \/><\/a><\/figure>\n\n\n\n<h4 class=\"wp-block-heading has-text-align-center has-black-color has-text-color\">Ilustra\u00e7\u00f5es<\/h4>\n<\/div>\n\n\n\n<div class=\"wp-block-column is-layout-flow wp-block-column-is-layout-flow\">\n<figure class=\"wp-block-image size-large\"><a href=\"\/?page_id=345\"><img decoding=\"async\" width=\"1024\" height=\"480\" src=\"https:\/\/www.rodrigoarruda.com.br\/wp-content\/uploads\/2023\/04\/logotipos-1024x480.jpg\" alt=\"\" class=\"wp-image-111\" srcset=\"https:\/\/www.rodrigoarruda.com.br\/wp-content\/uploads\/2023\/04\/logotipos-1024x480.jpg 1024w, https:\/\/www.rodrigoarruda.com.br\/wp-content\/uploads\/2023\/04\/logotipos-300x141.jpg 300w, https:\/\/www.rodrigoarruda.com.br\/wp-content\/uploads\/2023\/04\/logotipos-768x360.jpg 768w, https:\/\/www.rodrigoarruda.com.br\/wp-content\/uploads\/2023\/04\/logotipos.jpg 1280w\" sizes=\"(max-width: 1024px) 100vw, 1024px\" \/><\/a><\/figure>\n\n\n\n<h4 class=\"wp-block-heading has-text-align-center has-black-color has-text-color\">Logotipos<\/h4>\n<\/div>\n\n\n\n<div class=\"wp-block-column is-layout-flow wp-block-column-is-layout-flow\">\n<figure class=\"wp-block-image size-large\"><a href=\"?page_id=362\"><img decoding=\"async\" width=\"1024\" height=\"480\" src=\"https:\/\/www.rodrigoarruda.com.br\/wp-content\/uploads\/2023\/04\/midias-sociais-1024x480.jpg\" alt=\"\" class=\"wp-image-112\" srcset=\"https:\/\/www.rodrigoarruda.com.br\/wp-content\/uploads\/2023\/04\/midias-sociais-1024x480.jpg 1024w, https:\/\/www.rodrigoarruda.com.br\/wp-content\/uploads\/2023\/04\/midias-sociais-300x141.jpg 300w, https:\/\/www.rodrigoarruda.com.br\/wp-content\/uploads\/2023\/04\/midias-sociais-768x360.jpg 768w, https:\/\/www.rodrigoarruda.com.br\/wp-content\/uploads\/2023\/04\/midias-sociais.jpg 1280w\" sizes=\"(max-width: 1024px) 100vw, 1024px\" \/><\/a><\/figure>\n\n\n\n<h4 class=\"wp-block-heading has-text-align-center has-black-color has-text-color\">M\u00eddias Sociais<\/h4>\n<\/div>\n<\/div>\n<\/div>\n<\/div>\n\n\n\n<div class=\"wp-block-uagb-container uagb-block-142d3a20\">\n<div class=\"wp-block-columns is-layout-flex wp-container-core-columns-is-layout-3 wp-block-columns-is-layout-flex\">\n<div class=\"wp-block-column is-layout-flow wp-block-column-is-layout-flow\">\n<figure class=\"wp-block-image size-large\"><a href=\"\/?page_id=370\"><img decoding=\"async\" width=\"1024\" height=\"480\" src=\"https:\/\/www.rodrigoarruda.com.br\/wp-content\/uploads\/2023\/04\/game-1-1024x480.jpg\" alt=\"\" class=\"wp-image-120\" srcset=\"https:\/\/www.rodrigoarruda.com.br\/wp-content\/uploads\/2023\/04\/game-1-1024x480.jpg 1024w, https:\/\/www.rodrigoarruda.com.br\/wp-content\/uploads\/2023\/04\/game-1-300x141.jpg 300w, https:\/\/www.rodrigoarruda.com.br\/wp-content\/uploads\/2023\/04\/game-1-768x360.jpg 768w, https:\/\/www.rodrigoarruda.com.br\/wp-content\/uploads\/2023\/04\/game-1.jpg 1280w\" sizes=\"(max-width: 1024px) 100vw, 1024px\" \/><\/a><\/figure>\n\n\n\n<h4 class=\"wp-block-heading has-text-align-center has-black-color has-text-color\">App &amp; Game<\/h4>\n<\/div>\n\n\n\n<div class=\"wp-block-column is-layout-flow wp-block-column-is-layout-flow\">\n<figure class=\"wp-block-image size-large\"><a href=\"\/?page_id=407\"><img decoding=\"async\" width=\"1024\" height=\"480\" src=\"https:\/\/www.rodrigoarruda.com.br\/wp-content\/uploads\/2023\/04\/cartilha-1024x480.jpg\" alt=\"\" class=\"wp-image-116\" srcset=\"https:\/\/www.rodrigoarruda.com.br\/wp-content\/uploads\/2023\/04\/cartilha-1024x480.jpg 1024w, https:\/\/www.rodrigoarruda.com.br\/wp-content\/uploads\/2023\/04\/cartilha-300x141.jpg 300w, https:\/\/www.rodrigoarruda.com.br\/wp-content\/uploads\/2023\/04\/cartilha-768x360.jpg 768w, https:\/\/www.rodrigoarruda.com.br\/wp-content\/uploads\/2023\/04\/cartilha.jpg 1280w\" sizes=\"(max-width: 1024px) 100vw, 1024px\" \/><\/a><\/figure>\n\n\n\n<h4 class=\"wp-block-heading has-text-align-center has-black-color has-text-color\">Impressos<\/h4>\n<\/div>\n\n\n\n<div class=\"wp-block-column is-layout-flow wp-block-column-is-layout-flow\">\n<figure class=\"wp-block-image size-large\"><a href=\"\/?page_id=399\"><img decoding=\"async\" width=\"1024\" height=\"480\" src=\"https:\/\/www.rodrigoarruda.com.br\/wp-content\/uploads\/2023\/04\/web-1024x480.jpg\" alt=\"\" class=\"wp-image-124\" srcset=\"https:\/\/www.rodrigoarruda.com.br\/wp-content\/uploads\/2023\/04\/web-1024x480.jpg 1024w, https:\/\/www.rodrigoarruda.com.br\/wp-content\/uploads\/2023\/04\/web-300x141.jpg 300w, https:\/\/www.rodrigoarruda.com.br\/wp-content\/uploads\/2023\/04\/web-768x360.jpg 768w, https:\/\/www.rodrigoarruda.com.br\/wp-content\/uploads\/2023\/04\/web.jpg 1280w\" sizes=\"(max-width: 1024px) 100vw, 1024px\" \/><\/a><\/figure>\n\n\n\n<h4 class=\"wp-block-heading has-text-align-center has-black-color has-text-color\">Sites<\/h4>\n<\/div>\n<\/div>\n<\/div>\n<\/div>\n<\/div>\n\n\n\n<div class=\"wp-block-uagb-container uagb-block-fd176ace alignfull uagb-is-root-container\"><div class=\"uagb-container-inner-blocks-wrap\">\n<div class=\"wp-block-columns is-layout-flex wp-container-core-columns-is-layout-5 wp-block-columns-is-layout-flex\">\n<div class=\"wp-block-column is-layout-flow wp-block-column-is-layout-flow\">\n<div class=\"wp-block-columns is-layout-flex wp-container-core-columns-is-layout-4 wp-block-columns-is-layout-flex\">\n<div class=\"wp-block-column is-layout-flow wp-block-column-is-layout-flow\">\n<div class=\"wp-block-uagb-info-box uagb-block-31e2d3f3 uagb-infobox__content-wrap  uagb-infobox-icon-above-title uagb-infobox-image-valign-top\"><div class=\"uagb-ifb-content\"><div class=\"uagb-ifb-title-wrap\"><h3 class=\"uagb-ifb-title\">Curr\u00edculo<\/h3><\/div><p class=\"uagb-ifb-desc\">Clique para ver ou baixar o curr\u00edculo<\/p><\/div><\/div>\n\n\n\n<div class=\"wp-block-uagb-container uagb-block-649570ab\">\n<figure class=\"wp-block-image aligncenter size-full\"><a href=\"https:\/\/www.rodrigoarruda.com.br\/curriculo\/rodrigo_arruda_curriculo.pdf\"><img decoding=\"async\" width=\"400\" height=\"236\" src=\"https:\/\/www.rodrigoarruda.com.br\/wp-content\/uploads\/2024\/10\/Untitled-21.jpg\" alt=\"\" class=\"wp-image-548\" srcset=\"https:\/\/www.rodrigoarruda.com.br\/wp-content\/uploads\/2024\/10\/Untitled-21.jpg 400w, https:\/\/www.rodrigoarruda.com.br\/wp-content\/uploads\/2024\/10\/Untitled-21-300x177.jpg 300w\" sizes=\"(max-width: 400px) 100vw, 400px\" \/><\/a><\/figure>\n<\/div>\n<\/div>\n<\/div>\n<\/div>\n<\/div>\n<\/div><\/div>\n\n\n\n<div class=\"wp-block-uagb-container uagb-layout-grid uagb-block-d010d834 alignfull uagb-is-root-container\">\n<div class=\"wp-block-uagb-container uagb-block-b5c451d1\">\n<div class=\"wp-block-uagb-info-box uagb-block-b169813f uagb-infobox__content-wrap  uagb-infobox-icon-above-title uagb-infobox-image-valign-top\"><div class=\"uagb-ifb-content\"><div class=\"uagb-ifb-icon-wrap\"><svg xmlns=\"https:\/\/www.w3.org\/2000\/svg\" viewBox=\"0 0 512 512\"><path d=\"M0 256C0 114.6 114.6 0 256 0C397.4 0 512 114.6 512 256C512 397.4 397.4 512 256 512C114.6 512 0 397.4 0 256zM371.8 211.8C382.7 200.9 382.7 183.1 371.8 172.2C360.9 161.3 343.1 161.3 332.2 172.2L224 280.4L179.8 236.2C168.9 225.3 151.1 225.3 140.2 236.2C129.3 247.1 129.3 264.9 140.2 275.8L204.2 339.8C215.1 350.7 232.9 350.7 243.8 339.8L371.8 211.8z\"><\/path><\/svg><\/div><div class=\"uagb-ifb-title-wrap\"><h3 class=\"uagb-ifb-title\">Clientes Atendidos<\/h3><\/div><p class=\"uagb-ifb-desc\">Uma breve listagem dos clientes que j\u00e1 atendi na minha jornada.<\/p><\/div><\/div>\n\n\n\n<div class=\"wp-block-uagb-container uagb-block-ddf2e4b4\">\n<div class=\"wp-block-columns is-layout-flex wp-container-core-columns-is-layout-6 wp-block-columns-is-layout-flex\">\n<div class=\"wp-block-column is-layout-flow wp-block-column-is-layout-flow\">\n<figure class=\"wp-block-image aligncenter size-full is-resized\"><img decoding=\"async\" width=\"500\" height=\"313\" src=\"https:\/\/www.rodrigoarruda.com.br\/wp-content\/uploads\/2023\/04\/petrobras.jpg\" alt=\"\" class=\"wp-image-475\" style=\"width:250px;height:157px\" srcset=\"https:\/\/www.rodrigoarruda.com.br\/wp-content\/uploads\/2023\/04\/petrobras.jpg 500w, https:\/\/www.rodrigoarruda.com.br\/wp-content\/uploads\/2023\/04\/petrobras-300x188.jpg 300w\" sizes=\"(max-width: 500px) 100vw, 500px\" \/><\/figure>\n<\/div>\n\n\n\n<div class=\"wp-block-column is-layout-flow wp-block-column-is-layout-flow\">\n<figure class=\"wp-block-image aligncenter size-full is-resized\"><img decoding=\"async\" width=\"500\" height=\"313\" src=\"https:\/\/www.rodrigoarruda.com.br\/wp-content\/uploads\/2023\/04\/senai-2.jpg\" alt=\"\" class=\"wp-image-485\" style=\"width:250px;height:157px\" srcset=\"https:\/\/www.rodrigoarruda.com.br\/wp-content\/uploads\/2023\/04\/senai-2.jpg 500w, https:\/\/www.rodrigoarruda.com.br\/wp-content\/uploads\/2023\/04\/senai-2-300x188.jpg 300w\" sizes=\"(max-width: 500px) 100vw, 500px\" \/><\/figure>\n<\/div>\n\n\n\n<div class=\"wp-block-column is-layout-flow wp-block-column-is-layout-flow\">\n<figure class=\"wp-block-image aligncenter size-full is-resized\"><img decoding=\"async\" width=\"500\" height=\"313\" src=\"https:\/\/www.rodrigoarruda.com.br\/wp-content\/uploads\/2023\/04\/sebre.jpg\" alt=\"\" class=\"wp-image-477\" style=\"width:250px;height:157px\" srcset=\"https:\/\/www.rodrigoarruda.com.br\/wp-content\/uploads\/2023\/04\/sebre.jpg 500w, https:\/\/www.rodrigoarruda.com.br\/wp-content\/uploads\/2023\/04\/sebre-300x188.jpg 300w\" sizes=\"(max-width: 500px) 100vw, 500px\" \/><\/figure>\n<\/div>\n\n\n\n<div class=\"wp-block-column is-layout-flow wp-block-column-is-layout-flow\">\n<figure class=\"wp-block-image aligncenter size-full is-resized\"><img decoding=\"async\" width=\"500\" height=\"313\" src=\"https:\/\/www.rodrigoarruda.com.br\/wp-content\/uploads\/2023\/04\/irm.jpg\" alt=\"\" class=\"wp-image-478\" style=\"width:250px;height:157px\" srcset=\"https:\/\/www.rodrigoarruda.com.br\/wp-content\/uploads\/2023\/04\/irm.jpg 500w, https:\/\/www.rodrigoarruda.com.br\/wp-content\/uploads\/2023\/04\/irm-300x188.jpg 300w\" sizes=\"(max-width: 500px) 100vw, 500px\" \/><\/figure>\n<\/div>\n<\/div>\n<\/div>\n\n\n\n<div class=\"wp-block-uagb-container uagb-block-cabee3fe\">\n<div class=\"wp-block-columns is-layout-flex wp-container-core-columns-is-layout-7 wp-block-columns-is-layout-flex\">\n<div class=\"wp-block-column is-layout-flow wp-block-column-is-layout-flow\">\n<figure class=\"wp-block-image aligncenter size-full is-resized\"><img decoding=\"async\" width=\"500\" height=\"313\" src=\"https:\/\/www.rodrigoarruda.com.br\/wp-content\/uploads\/2023\/04\/mcdonalds.jpg\" alt=\"\" class=\"wp-image-479\" style=\"width:250px;height:157px\" srcset=\"https:\/\/www.rodrigoarruda.com.br\/wp-content\/uploads\/2023\/04\/mcdonalds.jpg 500w, https:\/\/www.rodrigoarruda.com.br\/wp-content\/uploads\/2023\/04\/mcdonalds-300x188.jpg 300w\" sizes=\"(max-width: 500px) 100vw, 500px\" \/><\/figure>\n<\/div>\n\n\n\n<div class=\"wp-block-column is-layout-flow wp-block-column-is-layout-flow\">\n<figure class=\"wp-block-image aligncenter size-full is-resized\"><img decoding=\"async\" width=\"500\" height=\"313\" src=\"https:\/\/www.rodrigoarruda.com.br\/wp-content\/uploads\/2023\/04\/sindrepa.jpg\" alt=\"\" class=\"wp-image-480\" style=\"width:250px;height:157px\" srcset=\"https:\/\/www.rodrigoarruda.com.br\/wp-content\/uploads\/2023\/04\/sindrepa.jpg 500w, https:\/\/www.rodrigoarruda.com.br\/wp-content\/uploads\/2023\/04\/sindrepa-300x188.jpg 300w\" sizes=\"(max-width: 500px) 100vw, 500px\" \/><\/figure>\n<\/div>\n\n\n\n<div class=\"wp-block-column is-layout-flow wp-block-column-is-layout-flow\">\n<figure class=\"wp-block-image aligncenter size-full is-resized\"><img decoding=\"async\" width=\"500\" height=\"313\" src=\"https:\/\/www.rodrigoarruda.com.br\/wp-content\/uploads\/2023\/04\/centrorio.jpg\" alt=\"\" class=\"wp-image-474\" style=\"width:250px;height:157px\" srcset=\"https:\/\/www.rodrigoarruda.com.br\/wp-content\/uploads\/2023\/04\/centrorio.jpg 500w, https:\/\/www.rodrigoarruda.com.br\/wp-content\/uploads\/2023\/04\/centrorio-300x188.jpg 300w\" sizes=\"(max-width: 500px) 100vw, 500px\" \/><\/figure>\n<\/div>\n\n\n\n<div class=\"wp-block-column is-layout-flow wp-block-column-is-layout-flow\">\n<figure class=\"wp-block-image aligncenter size-full is-resized\"><img decoding=\"async\" width=\"500\" height=\"313\" src=\"https:\/\/www.rodrigoarruda.com.br\/wp-content\/uploads\/2023\/04\/je-1.jpg\" alt=\"\" class=\"wp-image-481\" style=\"width:250px;height:157px\" srcset=\"https:\/\/www.rodrigoarruda.com.br\/wp-content\/uploads\/2023\/04\/je-1.jpg 500w, https:\/\/www.rodrigoarruda.com.br\/wp-content\/uploads\/2023\/04\/je-1-300x188.jpg 300w\" sizes=\"(max-width: 500px) 100vw, 500px\" \/><\/figure>\n<\/div>\n<\/div>\n<\/div>\n<\/div>\n<\/div>\n\n\n\n<div class=\"wp-block-uagb-container uagb-block-21d1cea8 alignfull uagb-is-root-container\"><div class=\"uagb-container-inner-blocks-wrap\">\n<h2 class=\"wp-block-heading alignfull has-text-align-center has-luminous-vivid-amber-color has-text-color\">Contato<\/h2>\n\n\n\n<div class=\"wp-block-uagb-forms uagb-forms__outer-wrap uagb-block-ac2f1570 uagb-forms__medium-btn\"><form class=\"uagb-forms-main-form\" method=\"post\" autocomplete=\"on\" name=\"uagb-form-ac2f1570\">\n<div class=\"wp-block-uagb-forms-name uagb-forms-name-wrap uagb-forms-field-set uagb-block-eb710f2b\"><div class=\"uagb-forms-name-label required uagb-forms-input-label\" id=\"eb710f2b\">Nome<\/div><input type=\"text\" placeholder=\"Digite seu nome\" required class=\"uagb-forms-name-input uagb-forms-input\" name=\"eb710f2b\" autocomplete=\"given-name\"\/><\/div>\n\n\n\n<div class=\"wp-block-uagb-forms-name uagb-forms-name-wrap uagb-forms-field-set uagb-block-41b68cb5\"><div class=\"uagb-forms-name-label required uagb-forms-input-label\" id=\"41b68cb5\">Sobrenome<\/div><input type=\"text\" placeholder=\"Digite seu sobrenome\" required class=\"uagb-forms-name-input uagb-forms-input\" name=\"41b68cb5\" autocomplete=\"family-name\"\/><\/div>\n\n\n\n<div class=\"wp-block-uagb-forms-email uagb-forms-email-wrap uagb-forms-field-set uagb-block-7ca103f0\"><div class=\"uagb-forms-email-label  uagb-forms-input-label\" id=\"7ca103f0\">E-mail<\/div><input type=\"email\" class=\"uagb-forms-email-input uagb-forms-input\" placeholder=\"examplo@mail.com\" name=\"7ca103f0\" autocomplete=\"email\"\/><\/div>\n\n\n\n<div class=\"wp-block-uagb-forms-textarea uagb-forms-textarea-wrap uagb-forms-field-set uagb-block-e3f61cb7\"><div class=\"uagb-forms-textarea-label required uagb-forms-input-label\" id=\"e3f61cb7\">Mensagem<\/div><textarea required class=\"uagb-forms-textarea-input uagb-forms-input\" rows=\"4\" placeholder=\"Deixe sua mensagem e um telefone pra contato.\" name=\"e3f61cb7\" autocomplete=\"off\"><\/textarea><\/div>\n<div class=\"uagb-forms-form-hidden-data\"><input type=\"hidden\" id=\"g-recaptcha-response\" class=\"uagb-forms-recaptcha\"\/><input type=\"hidden\" class=\"uagb_forms_form_label\" value=\"Contato\"\/><input type=\"hidden\" class=\"uagb_forms_form_id\" value=\"uagb-form-ac2f1570\"\/><\/div><div class=\"g-recaptcha uagb-forms-field-set\" data-sitekey=\"\"><\/div><div class=\"uagb-form-reacaptcha-error-ac2f1570\"><\/div><div class=\"uagb-forms-main-submit-button-wrap wp-block-button\"><button class=\"uagb-forms-main-submit-button wp-block-button__link\"><div class=\"uagb-forms-main-submit-button-text\">Enviar<\/div><\/button><\/div><\/form><div class=\"uagb-forms-success-message-ac2f1570 uagb-forms-submit-message-hide\"><span>Mensagem enviada com sucesso! Responderei o mais r\u00e1pido poss\u00edvel!<\/span><\/div><div class=\"uagb-forms-failed-message-ac2f1570 uagb-forms-submit-message-hide\"><span>Ops! Ocurrel algum erro na hora do envio. Verifique se todos os campos foram preenchidos corretamente e tente novamente.<\/span><\/div><\/div>\n<\/div><\/div>\n","protected":false},"excerpt":{"rendered":"<p>Ilustra\u00e7\u00f5es Logotipos M\u00eddias Sociais App &amp; Game Impressos Sites Contato<\/p>\n","protected":false},"author":1,"featured_media":0,"parent":0,"menu_order":0,"comment_status":"closed","ping_status":"closed","template":"","meta":{"_uag_custom_page_level_css":"","site-sidebar-layout":"default","site-content-layout":"default","ast-global-header-display":"","ast-main-header-display":"","ast-hfb-above-header-display":"","ast-hfb-below-header-display":"","ast-hfb-mobile-header-display":"","site-post-title":"disabled","ast-breadcrumbs-content":"","ast-featured-img":"","footer-sml-layout":"","theme-transparent-header-meta":"","adv-header-id-meta":"","stick-header-meta":"","header-above-stick-meta":"","header-main-stick-meta":"","header-below-stick-meta":"","footnotes":""},"class_list":["post-12","page","type-page","status-publish","hentry"],"uagb_featured_image_src":{"full":false,"thumbnail":false,"medium":false,"medium_large":false,"large":false,"1536x1536":false,"2048x2048":false},"uagb_author_info":{"display_name":"adm-arruda","author_link":"https:\/\/www.rodrigoarruda.com.br\/?author=1"},"uagb_comment_info":0,"uagb_excerpt":"Ilustra\u00e7\u00f5es Logotipos M\u00eddias Sociais App &amp; Game Impressos Sites Contato","_links":{"self":[{"href":"https:\/\/www.rodrigoarruda.com.br\/index.php?rest_route=\/wp\/v2\/pages\/12"}],"collection":[{"href":"https:\/\/www.rodrigoarruda.com.br\/index.php?rest_route=\/wp\/v2\/pages"}],"about":[{"href":"https:\/\/www.rodrigoarruda.com.br\/index.php?rest_route=\/wp\/v2\/types\/page"}],"author":[{"embeddable":true,"href":"https:\/\/www.rodrigoarruda.com.br\/index.php?rest_route=\/wp\/v2\/users\/1"}],"replies":[{"embeddable":true,"href":"https:\/\/www.rodrigoarruda.com.br\/index.php?rest_route=%2Fwp%2Fv2%2Fcomments&post=12"}],"version-history":[{"count":88,"href":"https:\/\/www.rodrigoarruda.com.br\/index.php?rest_route=\/wp\/v2\/pages\/12\/revisions"}],"predecessor-version":[{"id":561,"href":"https:\/\/www.rodrigoarruda.com.br\/index.php?rest_route=\/wp\/v2\/pages\/12\/revisions\/561"}],"wp:attachment":[{"href":"https:\/\/www.rodrigoarruda.com.br\/index.php?rest_route=%2Fwp%2Fv2%2Fmedia&parent=12"}],"curies":[{"name":"wp","href":"https:\/\/api.w.org\/{rel}","templated":true}]}}